hen 14586 is divided by 98.
82
Calculate the remainder when 1188122 is divided by 6524.
754
What is the remainder when 136650 is divided by 1262?
354
What is the remainder when 102561 is divided by 51252?
57
Calculate the remainder when 53866 is divided by 26203.
1460
What is the remainder when 146837059 is divided by 24?
19
Calculate the remainder when 10610129 is divided by 286760.
9
What is the remainder when 786769 is divided by 65412?
1825
Calculate the remainder when 496025 is divided by 7278.
1121
Calculate the remainder when 14073014 is divided by 265528.
30
What is the remainder when 51062712 is divided by 53581?
19
What is the remainder when 281956354 is divided by 748?
746
What is the remainder when 11427 is divided by 3116?
2079
What is the remainder when 40805479 is divided by 63?
1
Calculate the remainder when 4261188 is divided by 11424.
36
Calculate the remainder when 309976 is divided by 452.
356
Calculate the remainder when 84766130 is divided by 124473.
17
What is the remainder when 524769 is divided by 157?
75
What is the remainder when 8658121 is divided by 2886011?
88
Calculate the remainder when 10971668 is divided by 20.
8
What is the remainder when 87495 is divided by 3401?
2470
Calculate the remainder when 91633 is divided by 9161.
23
Calculate the remainder when 22539648 is divided by 1142.
1136
What is the remainder when 42467 is divided by 42457?
10
Calculate the remainder when 35483 is divided by 12.
11
Calculate the remainder when 16865 is divided by 935.
35
Calculate the remainder when 36180 is divided by 11497.
1689
What is the remainder when 1136554 is divided by 1478?
1450
What is the remainder when 73979258 is divided by 14795845?
33
What is the remainder when 1365138864 is divided by 1102?
1100
Calculate the remainder when 4013990 is divided by 573416.
78
Calculate the remainder when 5218730 is divided by 965.
10
Calculate the remainder when 42335 is divided by 10064.
2079
Calculate the remainder when 327832 is divided by 81910.
192
What is the remainder when 77450 is divided by 10687?
2641
What is the remainder when 15270153 is divided by 70?
3
What is the remainder when 113972 is divided by 56678?
616
Calculate the remainder when 25092705 is divided by 896167.
29
Calculate the remainder when 130462 is divided by 1098.
898
What is the remainder when 2790644 is divided by 2058?
2054
Calculate the remainder when 1982619 is divided by 1809.
1764
Calculate the remainder when 7441934 is divided by 1346.
1246
Calculate the remainder when 3798467 is divided by 1266149.
20
What is the remainder when 2464647 is divided by 3863?
53
What is the remainder when 3659096 is divided by 288?
56
Calculate the remainder when 415133 is divided by 18869.
15
Calculate the remainder when 78840 is divided by 893.
256
Calculate the remainder when 86236 is divided by 218.
126
What is the remainder when 24354 is divided by 640?
34
What is the remainder when 13394 is divided by 753?
593
Calculate the remainder when 1400580 is divided by 29.
25
Calculate the remainder when 202155 is divided by 18358.
217
What is the remainder when 7130055 is divided by 15433?
9
What is the remainder when 88685 is divided by 2455?
305
What is the remainder when 3823 is divided by 2886?
937
Calculate the remainder when 6330538 is divided by 1266105.
13
Calculate the remainder when 4593476 is divided by 701.
524
Calculate the remainder when 15683 is divided by 5233.
5217
Calculate the remainder when 1201294 is divided by 3355.
204
What is the remainder when 151338234 is divided by 383?
380
Calculate the remainder when 13383254 is divided by 86904.
38
What is the remainder when 751769 is divided by 2299?
2295
Calculate the remainder when 6856121 is divided by 2010.
11
What is the remainder when 1887900 is divided by 620?
0
Calculate the remainder when 1998787 is divided by 166565.
7
Calculate the remainder when 544990 is divided by 7.
5
What is the remainder when 71990773 is divided by 97?
89
Calculate the remainder when 258809 is divided by 1449.
887
Calculate the remainder when 2238469 is divided by 5682.
5443
Calculate the remainder when 38411 is divided by 17230.
3951
Calculate the remainder when 2153 is divided by 1525.
628
Calculate the remainder when 8640 is divided by 3690.
1260
What is the remainder when 8165495 is divided by 1633092?
35
Calculate the remainder when 2120955 is divided by 1953.
1950
Calculate the remainder when 172599469 is divided by 31.
25
Calculate the remainder when 1063745 is divided by 13465.
10
Calculate the remainder when 154629697 is divided by 3.
1
Calculate the remainder when 11645639 is divided by 2983.
7
What is the remainder when 919796 is divided by 2943?
1580
Calculate the remainder when 55664395 is divided by 1934.
7
What is the remainder when 1137038 is divided by 325?
188
Calculate the remainder when 2020816 is divided by 441.
154
Calculate the remainder when 182088 is divided by 11362.
296
Calculate the remainder when 10994615 is divided by 511.
450
What is the remainder when 861665 is divided by 467?
50
What is the remainder when 1159366 is divided by 64392?
310
What is the remainder when 17606618 is divided by 108016?
10
Calculate the remainder when 18691772 is divided by 1699249.
33
What is the remainder when 8370452 is divided by 1418?
1416
What is the remainder when 82038029 is divided by 1245?
1244
Calculate the remainder when 3158423 is divided by 4800.
23
What is the remainder when 2620153 is divided by 163759?
9
Calculate the remainder when 2871216 is divided by 60.
36
What is the remainder when 27458366 is divided by 67?
24
Calculate the remainder when 11854232 is divided by 1317129.
71
What is the remainder when 21166725 is divided by 65?
60
What is the remainder when 217560158 is divided by 417?
416
What is the remainder when 3311699 is divided by 20?
19
What is the remainder when 40466632 is divided by 295?
7
What is the remainder when 3658164 is divided by 215186?
2
What is the remainder when 105538 is divided by 10950?
6988
What is the remainder when 68156672 is divided by 63?
59
Calculate the remainder when 69782818 is divided by 2247.
2233
What is the remainder when 1070710 is divided by 441?
403
What is the remainder when 637996 is divided by 637865?
131
What is the remainder when 1237070 is divided by 359?
315
Calculate the remainder when 123155023 is divided by 3240921.
25
Calculate the remainder when 251847 is divided by 4010.
3227
Calculate the remainder when 547416 is divided by 7123.
6068
Calculate the remainder when 46756 is divided by 51.
40
Calculate the remainder when 239977 is divided by 326.
41
Calculate the remainder when 6496079 is divided by 749.
2
Calculate the remainder when 7446634 is divided by 141.
1
What is the remainder when 192783 is divided by 64257?
12
Calculate the remainder when 277486670 is divided by 7265.
7260
What is the remainder when 156405910 is divided by 78202952?
6
Calculate the remainder when 1198729 is divided by 54.
37
Calculate the remainder when 14746798 is divided by 228.
214
Calculate the remainder when 235700501 is divided by 31.
30
What is the remainder when 8293456 is divided by 281?
22
What is the remainder when 2204221 is divided by 3412?
69
What is the remainder when 669505 is divided by 565?
545
What is the remainder when 389167 is divided by 97269?
91
What is the remainder when 679553 is divided by 1162?
945
Calculate the remainder when 120226569 is divided by 7860.
9
What is the remainder when 78846762 is divided by 35043?
12
What is the remainder when 50306 is divided by 23505?
3296
Calculate the remainder when 4449387 is divided by 185371.
483
Calculate the remainder when 11858364 is divided by 2752.
2748
Calculate the remainder when 17469996 is divided by 27.
24
Calculate the remainder when 290261 is divided by 3870.
11
Calculate the remainder when 2245918982 is divided by 521.
518
Calculate the remainder when 71820 is divided by 1217.
17
Calculate the remainder when 23735641 is divided by 51.
37
What is the remainder when 32543 is divided by 118?
93
What is the remainder when 1744722 is divided by 25?
22
What is the remainder when 677605 is divided by 338802?
1
What is the remainder when 1507347 is divided by 37?
4
Calculate the rem